tors of u?
2, 7
Suppose 0 = -3*r + 194 + 118. What are the prime factors of r?
2, 13
Let q(t) = -t**3 + 14*t**2 - 13*t + 15. Let a = -3 - -16. List the prime factors of q(a).
3, 5
Suppose -6*c = -c + x - 177, c + 4*x = 43. What are the prime factors of c?
5, 7
Let z = -11 + 26. List the prime factors of z.
3, 5
Suppose 0 = 2*m + 2*k - 186, -m + 5*k = -2*m + 73. What are the prime factors of m?
2, 7
Suppose -c - 300 = -5*c. List the prime factors of c.
3, 5
Suppose 10 = 3*w - 2. Let r = 10 + w. Suppose 2*s = 3*y + r, 3*s + 2*s + 4*y = 58. What are the prime factors of s?
2, 5
Suppose -1 = q + 4*n, -3*n = -5*q - 0*n + 110. Suppose -u + a = -4*u + q, 4*a = -u - 12. List the prime factors of u.
2
Let h(d) = -d**2 - 17*d - 12. Let f be h(-16). List the prime factors of 5 - f/2 - -36.
3, 13
Let h = -4 + 8. Suppose -5*f = 4*q - 12 - 5, -h*q + 2 = 2*f. List the prime factors of f/(-15) - (-14)/6.
2
Let m(a) = -13*a + 1. Let y be (-1)/((-1)/(-3)*1). Let d be m(y). Suppose -3*h - 35 = -4*o, -3*h + 8*h = 3*o - d. List the prime factors of o.
5
Suppose -j + 106 = j. What are the prime factors of j?
53
Let d(l) = -2*l**3 - 5*l**2 - 3*l - 3. Let v be d(-3). Suppose 0 = 4*j - 20, 3*h + 5*j + v = 73. List the prime factors of h.
11
Let m be (-6)/(-2) - 0 - 0. Suppose -4*b = -2*a - 6*b + 6, -m*a + 7 = 4*b. Suppose -3*z + 93 = a*h + z, 0 = -3*h - z + 60. List the prime factors of h.
3, 7
Let m(i) = -2*i - 8 - 6 + 4 + i. Let p be m(-12). What are the prime factors of -8*p/4*-2?
2
Let u be (-12)/(-4) - (-19)/1. Suppose -u = 3*f - 64. Let j = -6 + f. List the prime factors of j.
2
Let v(p) = -p**3 + 7*p**2 - 8*p. Let r be v(6). Suppose 2*x = o + 41, -x = 3*x + o - 67. Let l = x + r. What are the prime factors of l?
2, 3
Let a = 10 - 8. Suppose -a*f = f - 144. List the prime factors of f.
2, 3
Let o(p) = 39*p**3 + p**2 - p. Let i be o(1). Suppose -5*g + i + 36 = 0. What are the prime factors of g?
3, 5
Let d be 7 + (0 - -1) + 0. Let y = d + -14. Let m(j) = -j + 1. List the prime factors of m(y).
7
Let q(d) = -d**2 + 17*d + 1. What are the prime factors of q(9)?
73
Suppose 4*g + 0*g - 388 = 0. List the prime factors of g.
97
Let w(a) = -3*a**2 + a - 2. Let u be w(-3). List the prime factors of (u/(-10))/((-12)/(-30)).
2
Suppose 10*l - 529 = 731. List the prime factors of l.
2, 3, 7
Let g = 0 - -3. Let p = 16 - 10. What are the prime factors of g/(1 - (-3)/p)?
2
Let s be 9 + 2*(-9)/6. Suppose -4*z + s = -2*z. Suppose z*j - 5*t - 10 + 1 = 0, -3*t = -5*j + 31. What are the prime factors of j?
2
Let v be 2/(-4)*(-8)/(-2). What are the prime factors of 10/2 + 1 + v?
2
Let v(l) = l**3 - 15*l**2 - 24*l + 8. What are the prime factors of v(17)?
2, 89
Let p = 13 - -7. List the prime factors of p.
2, 5
Let w = 25 - 14. Suppose 0 = w*g - 9*g - 18. List the prime factors of g.
3
Let d(x) = -5 + 9*x + 4 + 10*x. Let f be d(1). Suppose -2*n + 0 = -f. List the prime factors of n.
3
What are the prime factors of ((-7)/28*-6)/(3/208)?
2, 13
Suppose 97 = 5*l - 183. List the prime factors of l.
2, 7
Let k = -15 - -18. What are the prime factors of k?
3
Let i(l) = l**3 + 7*l**2 - 2*l - 6. Suppose 5*w = 2*q - 31, 3*w - 4*q + 6*q + 25 = 0. List the prime factors of i(w).
2
Let r(g) be the first derivative of g**2 + 2*g + 2. Let z be r(6). Suppose 0*d + d = z. List the prime factors of d.
2, 7
Suppose 81 = i + 47. What are the prime factors of i?
2, 17
Let t be -1 - (-2 - 1)*1. Let w be 4/(-5) + t/(-10). What are the prime factors of w*11*(2 - 3)?
11
Let c = 86 + -11. What are the prime factors of c?
3, 5
Let a = -34 - 16. Let u = -94 - a. List the prime factors of 2/1*u/(-8).
11
Let s(l) be the third derivative of l**6/120 - l**5/15 - 5*l**4/24 - l**3/3 - 2*l**2. Let o be s(5). List the prime factors of 0 + o + (7 - -3).
2
Suppose -5*v + 10 = -3*r, 0*r + 4*v = 4*r + 24. List the prime factors of (-206)/r + (-4)/(-10).
3, 7
Let w be 4/(-18) + 130/18. Suppose -4*j = 2*q - 14, 2*j = 2*q - w - 13. List the prime factors of q.
3
Let z(c) = 0*c**2 - 10*c**2 - 5*c - 5*c - 13 - c**3. Let u be z(-9). Let d(i) = i**2 - i - 4. List the prime factors of d(u).
2
Let x = 19 - 7. Suppose 0 = -4*a - x, 5*u - 5*a - 118 = -43. List the prime factors of u.
2, 3
Let m be ((-8)/10)/(2/(-10)). Suppose -m*b + b = -42. List the prime factors of b.
2, 7
Let u(t) = t - 3. Let m be u(5). Suppose -5*n = -3*i + 58, -i + m*n + 0*n + 20 = 0. Suppose 3*p - i = 14. What are the prime factors of p?
2, 5
Let v(d) = -d**3 - 2*d**2 + 5*d + 3. What are the prime factors of v(-4)?
3, 5
List the prime factors of ((-5)/5 + 2)*23.
23
Let l = -2 + 2. Suppose 2*q = -l*q + 12. Let g(n) = n + 2. What are the prime factors of g(q)?
2
Let i = 7 - 5. Suppose 4*q - 91 = q + i*v, 4*q + 2*v = 112. Let a = q - 19. List the prime factors of a.
2, 5
Suppose -2*z = -3 - 3. Suppose 2*x = -z*x - 10. Let v(d) = -7*d - 3. What are the prime factors of v(x)?
11
List the prime factors of (-4)/(-3)*63/2.
2, 3, 7
Let l = 13 + 52. Suppose 3*i - 28 = -i + 2*h, 0 = 5*i + 5*h - l. List the prime factors of i.
3
Let v = 54 - -12. List the prime factors of v.
2, 3, 11
Suppose -j - 3*j + 4 = 2*v, -3*v + 5 = 5*j. Suppose -g - g + 84 = v. Suppose -18 = -5*a + g. List the prime factors of a.
2, 3
Let t = 38 - -38. Suppose 2*f = 2*i - t - 40, -3*i + 139 = 4*f. List the prime factors of i.
53
Suppose -u + 89 = o, -3*u + 425 = 2*u - 5*o. List the prime factors of u.
3, 29
Let n be ((-3)/6)/(1/(-60)). Let q = n - 17. List the prime factors of q.
13
Let n(h) = h + 13. Let u be 39/6 + (-1)/(-2). Let a = u - 16. What are the prime factors of n(a)?
2
Let o = 1 - -2. Let v be 0 + -2*1 - -2. Suppose 0 = -i - o*p, -3*p + v*p + 6 = 2*i. What are the prime factors of i?
2, 3
Suppose 2*p + n + 268 = 6*p, -3*n + 134 = 2*p. List the prime factors of p.
67
List the prime factors of (-6)/(-10) - 1728/(-20).
3, 29
Suppose -3*g + 0*g - 21 = -5*b, 6 = 2*b. List the prime factors of 12 - -1 - (0 - g).
11
Let i(b) = 6*b - 2. Let c be (28/8 - 3)*2. What are the prime factors of i(c)?
2
Let h = 0 + 2. Let l be 0 + (2*-1 - -2). Suppose -h*s = -12 - l. What are the prime factors of s?
2, 3
Let r be (6/(-15))/(3/(-30)). Suppose -2 - r = -3*i. What are the prime factors of ((-9)/2)/((-1)/i)?
3
Let t(b) = 8*b**2 - 4*b + 11. What are the prime factors of t(2)?
5, 7
Let j be (-2)/(-4)*-2*6. What are the prime factors of ((-104)/12)/(4/j)?
13
Let u(j) = 4 - 29*j + 28*j + 4. Let v be 0 + ((-12)/(-2) - 0). List the prime factors of u(v).
2
Suppose k - 2*a - 3 = -8, 0 = -k + a - 7. Suppose -2*f + 0*w - 3*w + 35 = 0, -42 = -2*f + 4*w. Let d = k + f. List the prime factors of d.
2, 5
Let n(m) = m + 1. Let p be n(11). List the prime factors of (p/15)/((-2)/(-15)).
2, 3
Let w = 10 - 6. Suppose -5*r + 9 = -2*r. Suppose i = p - 12, w*p - r*i + i = 44. What are the prime factors of p?
2, 5
Suppose -4*w + 25 = k, -5*w = 2*k - 0 - 35. What are the prime factors of w?
5
Let i(q) = q**3 + 2*q**2. Let h be i(-1). Let r be (1/1)/(h/(-6)). What are the prime factors of (-4)/r*3*5?
2, 5
Let x = 23 - 11. List the prime factors of x.
2, 3
What are the prime factors of 7/(-2)*-2*(-3 - -20)?
7, 17
Suppose -w = 4*g + 83, 0 = -5*g - 0*w + 3*w - 91. What are the prime factors of ((-165)/g)/(3/8)?
2, 11
Let r(d) = d - 12. Let l be r(9). Let i(z) = -3*z**2 - 35*z + 20. Let k(m) = -m**2 - 12*m + 7. Let p(y) = 6*i(y) - 17*k(y). What are the prime factors of p(l)?
2, 5
Let u(j) = 2*j**2 - 8*j - 6. Let y(q) = -6*q**3 - q**2 - 2*q - 1. Let i be y(-1). List the prime factors of u(i).
2, 3
Let w = 157 - 44. List the prime factors of w.
113
Let a = 9 - 0. Let i be 78/9*a/6. Suppose -35 + i = -4*k - 2*u, -5*u = -4*k + 29. List the prime factors of k.
2, 3
Let d = -8 + 9. Suppose 0 = -3*i - 0*i - 2*v + 46, -2*v + 10 = 0. List the prime factors of i/1 + -1*d.
11
What are the prime factors of ((-4182)/(-9))/2 + 1/(-3)?
2, 29
Suppose -2*d + 17 + 3 = -2*h, -5*h = 4*d + 77. Let o = h - -26. What are the prime factors of o?
13
Let g = 181 + -150. What are the prime factors of g?
31
What are the prime factors of 2 + (-5 - -9 - (0 - 194))?
2, 5
Suppose 0 = -5*p - 5*j - 30, 0 = -p + 2*p - 2*j. Let g be 2/8 + (-23)/p. Suppose 4*r - g = 3*r. What are the prime factors of r?
2, 3
Let l = 14 + 21. Suppose l = 4*d + 3. What are the prime 